*o**5/20 - o**4/4 - 5*o**3/3 - 1704*o**2. What is c(10)?
30
Suppose 0 = -37*t - 36*t + 29*t - 264. Let r(j) be the first derivative of -1/3*j**3 - 3*j**2 + 0*j + 2. Give r(t).
0
Suppose 2*y + 142 - 484 = 0. Let o(x) = 1 + 4 + 3 - 166*x + y*x. Give o(-6).
-22
Let r(j) = -1113*j + 2149*j - 1037*j - 6. What is r(3)?
-9
Let h(l) = 9*l**3 - 19*l**2 + 15*l + 12. Let k(n) = -5*n**3 + 10*n**2 - 8*n - 7. Let g(x) = -4*h(x) - 7*k(x). What is g(5)?
6
Let t(r) = 361*r**2 + 0*r**3 - 188*r**2 - 5 + 2*r**3 - 174*r**2 + 2*r. What is t(3)?
46
Let w(f) be the third derivative of 13*f**4/2 - 787*f**3/6 - 1591*f**2. Give w(5).
-7
Let x(y) = -y**3 - 8*y**2 + 8*y - 11. Let t be x(-9). Let s(h) = h**2 + 18080*h**3 - 2*h - 9040*h**3 - 9041*h**3 + 1. Determine s(t).
17
Suppose 4892 = 9*w - 1165. Let x = 669 - w. Let k(o) = -o**3 - 4*o**2 - 2*o - 1. Determine k(x).
7
Let r(c) = 19*c + 58. Let a(p) = -191*p - 552. Let h(j) = 2*a(j) + 19*r(j). Let t = -1 + 3. Give h(t).
-44
Let z(v) = v**2 + v + 2. Let o(s) = -15*s**2 - 15*s + 51. Let d be o(4). Let l = -249 - d. Determine z(l).
2
Suppose 0 = 3*l + 3*y + 24, 8 + 2 = -l - 2*y. Let v(q) = q**3 + 5*q**2 - 10*q - 2. Let m(t) = -3*t - 1. Let w(r) = -m(r) + v(r). Calculate w(l).
5
Suppose 414*v = 220*v + 243*v + 539. Let o(p) = p**2 - 6*p - 182. Calculate o(v).
5
Let h(s) = 13*s**2 - 19*s. Let n(f) = -11*f**2 + 16*f + 1. Let a(g) = 5*h(g) + 6*n(g). Calculate a(-3).
-6
Let b(z) = -z + 6. Suppose 3*x - 14*x = -11. Let a be x + -3 + 16/2 + -2. Suppose 3*o + a = 22. Determine b(o).
0
Let l(h) = -h + 8. Let b(c) = 43*c + 774. Let w be b(-18). Give l(w).
8
Let j(h) be the first derivative of 2*h**3/3 + h + 2. Suppose -3*y + 7 = 1. Suppose 4*z - 7*d = -5*d + y, -3 = -z - 2*d. Determine j(z).
3
Suppose 73*y + 258 + 180 = 0. Let t(h) = 9*h + 13. What is t(y)?
-41
Let s(f) = 100 - 17 + 50 - 23*f + 74 + 18*f. Give s(39).
12
Suppose 291*m - 569*m = -284*m - 18. Let s(y) = -30*y + 3. Let z(b) = 10*b - 1. Let i(p) = -6*s(p) - 17*z(p). Calculate i(m).
-31
Let t(p) = 7*p**2 - 16*p - 26. Let q be t(-2). Let b be (242/(-36) + q/153)*2. Let l(s) = 3*s - 9. What is l(b)?
-48
Let q(h) be the first derivative of -h**3/3 - 9*h**2/2 - 7*h + 4. Let b be q(-8). Let g(c) = -32*c**2 + 102*c**2 - 72*c**2 + 1 - c. Determine g(b).
-2
Let n(r) = -5*r**2 - r - 1. Suppose 4*c + 60 - 157 = -a, 4*c - 101 = -5*a. Let v(g) = -g**2 + 19*g + 122. Let i be v(c). What is n(i)?
-23
Let w(u) = u**3 - 2*u**2 - u. Suppose -10*c + 84 = -7*c. Let v = -25 + c. Suppose -3*f + 5 = f - k, 3*k = 3*f + v. Give w(f).
-2
Let l(t) = -2*t + 10. Suppose -24 = -10*o + 2*o. Let h be l(o). Let c(q) = -h*q**2 + 1 - 64*q + 64*q + q**3 + 2. Give c(3).
-6
Let y(s) be the first derivative of -2*s**3/3 - s**2/2 + 9*s + 1312. Give y(-3).
-6
Suppose z + 166*j = 162*j + 21, 2*z + 5*j = 36. Let a(y) = -y**2 + 10*y + 6. Give a(z).
-33
Let v(p) be the first derivative of -p**3/3 + 43*p**2/2 - 132*p + 2136. What is v(3)?
-12
Let r be (-95)/(-3)*(-29)/(-145) - (-2)/(-6). Let d(g) be the second derivative of -g**3 + g**2 - 2*g. Give d(r).
-34
Let h(s) = -9*s - 93. Let d = 14762 - 14773. Calculate h(d).
6
Let k(j) = j**2 - j - 75. Let o be k(-7). Let m(a) = a**2 + 14*a - 18. What is m(o)?
77
Let d(s) be the second derivative of -s**4/12 - 2*s**3/3 + s**2 - 6*s - 1. Suppose -5*o - 48 = 7*o. Determine d(o).
2
Suppose -8 - 38 = -2*o. Suppose 7*a = o*a - 64. Let y(h) = 5*h**2 + 15*h + 3. Let v(d) = 3*d**2 + 8*d + 1. Let l(s) = 7*v(s) - 4*y(s). Determine l(a).
-5
Let f(a) = a**2 - 5*a. Let r(y) = 7*y**2 - 3*y + 17. Let z(s) = 3*s**2 - 3*s + 8. Let v(o) = -2*r(o) + 5*z(o). Let p be v(9). Determine f(p).
6
Let w(q) = 20*q + 1. Let n be (-26)/(-4) + 2 + (-21)/6. Suppose 5 = x - 2*i, 3*i + 6 = n*x + 2. Determine w(x).
-19
Let l(s) be the third derivative of -s**7/840 - s**6/720 + 61*s**5/60 - 38*s**2. Let q(i) be the third derivative of l(i). Give q(2).
-13
Let q(j) be the third derivative of -j**5/60 + j**4/2 - 4*j**3/3 + j**2 - 59*j - 45. Let v be 2/(-3) + 160/15. Give q(v).
12
Let j be 4/(-16) - (-7)/(-4). Let q(g) = -3*g + 8. Let k(h) be the second derivative of 5*h**3/6 - 9*h**2/2 - 26*h. Let v(p) = j*k(p) - 3*q(p). What is v(0)?
-6
Let d(n) = n**3 - 12*n**2 + 7*n - 78. Let p(a) = -9*a**2 + 58*a - 53. Let u be p(5). Calculate d(u).
6
Let d(l) = -2*l - 52. Let z be d(7). Let p be z/17 + 46/(-391). Let u(w) be the first derivative of -2*w**2 - w - 1. Give u(p).
15
Suppose 2*d - 5*h - 54 = -7*h, -d = -5*h - 21. Suppose -d = 13*x - 13. Let n(j) = 4 + 7*j - 4. Calculate n(x).
-7
Let i(k) = -11*k**2 - 4*k + 3. Suppose -2 = g + 2*r, 0 = -7*g + 3*g + 2*r + 12. Give i(g).
-49
Let h(w) = -9*w**2 - 16*w - 8. Let c(x) = -5*x**2 - 8*x - 5. Let t(r) = 11*c(r) - 6*h(r). Calculate t(7).
0
Suppose 13 = 2*x - q, x - 9*q - 9 = -11*q. Let b(v) = v**2 - 11*v + 13. Calculate b(x).
-15
Let t(x) be the second derivative of x**5/20 - 5*x**4/6 - 11*x**3/6 + 3*x**2/2 - 3*x. Let l = -33581 - -33592. What is t(l)?
3
Let m(r) = -11*r**2 - 3*r + 8. Let w(a) = 15*a**2 + 5*a - 6. Let l(c) = -4*m(c) - 3*w(c). Give l(0).
-14
Let d(j) = j + 3. Suppose -7 = -34*k + 27*k. Let a = k - 13. What is d(a)?
-9
Let d = -6290 - -6292. Let k(c) = 2*c**2 - 3*c + 3. Give k(d).
5
Let f(r) = r**3 + 8*r**2 - 9*r + 21. Let b(z) = -z**2 - 86*z + 951. Let t be b(-96). Calculate f(t).
21
Let y(g) = 2*g + 27. Let m be y(-7). Let w(p) = -2*p + 19. Let r(f) = -f + 9. Let u(q) = m*r(q) - 6*w(q). Let a = -180 - -188. Give u(a).
-5
Let w(a) = a**3 - 5*a**2 - 5*a - 1. Let i(o) = 16*o**2 - 32*o**2 + 15*o**2 + 1 + 0*o + 0*o. Let g(q) = i(q) - w(q). Determine g(4).
22
Let b(h) = h - 3. Let t(s) = -163*s**2 + s. Let l be t(-1). Let j = l - -167. Determine b(j).
0
Let n(t) be the first derivative of -t**7/840 - t**6/90 + t**5/40 - t**4/2 - t**3/3 - 80*t - 218. Let v(u) be the third derivative of n(u). Give v(-5).
-2
Let c(v) = 3*v - 10. Let r = 4373 - 4370. Determine c(r).
-1
Let r(v) = v**2 + 4*v + 2. Suppose -70 = 5*w - 5*f, 2*f = -f + 15. Let a(c) = 3*c + 40. Let y be a(w). Let l = y - 18. Calculate r(l).
7
Suppose 5*c + 3*x + 7 = 0, 2*x = -3*c + c - 6. Let i be (-6 + c - -6) + -5. Let h(g) = -5*g - 3. What is h(i)?
17
Let g(f) be the first derivative of 5/24*f**4 - 1/60*f**5 + 7/2*f**2 + 0*f - 1/2*f**3 + 18. Let x(p) be the second derivative of g(p). Give x(2).
3
Let r be 3 + 2 + 8/(16/(-78)). Let c(j) = 31*j + 1055. Calculate c(r).
1
Let k be (4 - (-366)/12)*(-2)/(-3). Suppose 4 + 4 = 4*f + 5*u, -3*u = 5*f - k. Let y(x) = 2*x**2 - 10*x - 3. What is y(f)?
25
Let b(n) be the first derivative of -n**4/12 - 4*n**3/3 - 5*n**2/2 + 9. Let g(m) be the second derivative of b(m). Suppose 0 = -6*f - 40 + 4. What is g(f)?
4
Let q(j) = j**2 - 6*j - 3. Let w(n) = -2*n + 34. Let u be w(-4). Suppose 218*h + u = 225*h. Give q(h).
-3
Let u(n) = n**3 + 21*n**2 + n + 21. Let y(c) = -c**3 - 2*c**2 - 12*c + 19. Let z be y(2). Calculate u(z).
0
Let m(p) be the second derivative of -18*p + 1/12*p**4 - 7/6*p**3 + 0*p**2 + 0. Give m(7).
0
Suppose -i + 275 = 10*i. Let n(q) = -10 + 2*q**2 + q**2 + 8 - i - 2*q**2. Give n(0).
-27
Suppose 8*w + 6 = -66. Let x be (5/15)/(-1*3/w). Suppose s + 2*c = -s - 18, -s + c = -x. Let f(a) = -a**2 - 7*a - 6. Calculate f(s).
6
Let f(q) = 2*q + q - 2*q + 12. Let v be (-4)/3*-27 - 2. Suppose 13 = -3*w + y, -y = -4*w - 3*y - v. Determine f(w).
6
Suppose 256*m + 77*m = 40*m + 2637. Let n(u) = -u**2 + 8*u - 18. Determine n(m).
-27
Let o(i) be the second derivative of -i**4/12 - 11*i**3/6 - 3*i**2/2 + 1136*i. Determine o(-11).
-3
Let r(i) be the third derivative of 0*i - 1/3*i**3 - 1/24*i**4 + 0 + 10*i**2. Let j be 48/(-60)*10/(-4). Determine r(j).
-4
Let w(g) = 2 + 18*g + 5 - 14*g - g**2 - 14 + 6. Let x(o) = 2*o**2 - 6*o + 1. Let p(v) = 3*w(v) + 2*x(v). Determine p(0).
-1
Let g(w) = -w**3 + 2*w - 3. Let d(x) = 4*x**3 + 3*x**2 + x + 28. Let f(b) = -d(b) - 3*g(b). What is f(-3)?
2
Let q(o) be the first derivative of 4/3*o**3 - o - 7/2*o**2 + 1/4*o**4 + 101. Suppose -5*s = -4*p - 30, p + 0*s + 7 = s. Give q(p).
9
Let f = 13 - 11. Let z(o) = 1 + o**2 - o**3 - 110*o + 111*o + 0*o**2 + 3*o**f. Let i be 0 + -1*28/(-7). What is z(i)?
5
Let w(v) = 3*v + 2. Suppose 0*d + 26 = 3*r - 2*d, 2*r + 5*d + 8 = 0. Suppose -r*u + 3*u - 24 = 0. Let g be (12/u)/(3/4). What is w(g)?
-4